t is -5 + -44?
-49
In base 13, what is 28 + 0?
28
In base 11, what is 1 - -31?
32
In base 16, what is -37e4 - 1?
-37e5
In base 9, what is 4 - -752?
756
In base 4, what is 1 - -201230?
201231
In base 3, what is 212 - -221?
1210
In base 10, what is -61 + 7?
-54
In base 5, what is 10 - 4?
1
In base 6, what is -500 + -2?
-502
In base 5, what is 1 - 10044?
-10043
In base 11, what is 79 - -5a?
128
In base 15, what is -12 + 53d?
52b
In base 4, what is 20300 - 21?
20213
In base 2, what is 100 - -101?
1001
In base 3, what is -1 - -212120?
212112
In base 4, what is 12 - 102?
-30
In base 10, what is 63 + 22?
85
In base 12, what is 201 - 2?
1bb
In base 6, what is -3 - 13024?
-13031
In base 5, what is -1000 + -2?
-1002
In base 8, what is 1040 - -3?
1043
In base 3, what is -1112 + 12?
-1100
In base 11, what is 1 - -1695?
1696
In base 2, what is 10010000101011 - 0?
10010000101011
In base 12, what is -33 - 2?
-35
In base 5, what is -3 - -102?
44
In base 5, what is -1 - -102?
101
In base 7, what is -1066 + 22?
-1044
In base 12, what is -4 - -25?
21
In base 5, what is -222 - -3000?
2223
In base 14, what is 573c + 2?
5740
In base 9, what is 1 - -46?
47
In base 4, what is -2 + 1230?
1222
In base 6, what is -12 - 2424?
-2440
In base 8, what is -3637 - -1?
-3636
In base 15, what is -1 - 32?
-33
In base 16, what is 0 - 1a?
-1a
In base 15, what is -5 + 12?
c
In base 9, what is -654 - 4?
-658
In base 5, what is 1034341 - 2?
1034334
In base 9, what is -2 + -608?
-611
In base 15, what is 1d0 + -b?
1c4
In base 14, what is -12 - 34?
-46
In base 14, what is 36 + 3?
39
In base 9, what is 300 - -8?
308
In base 4, what is -3 + 22111?
22102
In base 7, what is -53 - 154?
-240
In base 8, what is 6 + 46?
54
In base 3, what is -11 + 1122?
1111
In base 13, what is 2 - 7c?
-7a
In base 6, what is -154 + -42?
-240
In base 6, what is 10 + -133?
-123
In base 10, what is 2699 - 2?
2697
In base 4, what is 0 + 20312?
20312
In base 16, what is -279 - 2?
-27b
In base 5, what is 420 + 111?
1031
In base 10, what is 172 - 0?
172
In base 9, what is -1366 - -1?
-1365
In base 16, what is -4 - -8?
4
In base 7, what is 3 - -116?
122
In base 11, what is 33a + -14?
326
In base 10, what is 314 - -16?
330
In base 16, what is -5 - 3da?
-3df
In base 10, what is 1645 - -2?
1647
In base 6, what is 2 - 43?
-41
In base 15, what is -50 - 3?
-53
In base 13, what is -2bb + 1c?
-29c
In base 6, what is 21 - 534?
-513
In base 5, what is 40031 + 4?
40040
In base 2, what is 100110 - 0?
100110
In base 9, what is -2 + -137?
-140
In base 10, what is 1 + -1207?
-1206
In base 4, what is 101 + -2130?
-2023
In base 16, what is -3 + 139b?
1398
In base 5, what is 2331 + 4?
2340
In base 9, what is 158 - 23?
135
In base 13, what is -116 - 2?
-118
In base 15, what is 8 + ec?
105
In base 6, what is -2 - -11541?
11535
In base 8, what is 0 - -11652?
11652
In base 15, what is -90 + 8?
-87
In base 13, what is 9 + 2?
b
In base 6, what is 20033 - -2?
20035
In base 5, what is 303 + -10?
243
In base 16, what is -fb - -3?
-f8
In base 16, what is d90 - 0?
d90
In base 15, what is b - -84e?
85a
In base 13, what is -93 + -18?
-ab
In base 11, what is -16 + a2?
87
In base 16, what is -3 + -7a?
-7d
In base 12, what is -3 + 975?
972
In base 15, what is -247 + 5?
-242
In base 13, what is 2 + -19?
-17
In base 14, what is -5871 - 3?
-5874
In base 2, what is 100 + -1001110?
-1001010
In base 12, what is -11 + 3?
-a
In base 6, what is -3245 - -5?
-3240
In base 3, what is 210002 - -10?
210012
In base 13, what is 168 - 2?
166
In base 12, what is -13 + 50?
39
In base 9, what is 8 + 112?
121
In base 7, what is 3 + -12636?
-12633
In base 15, what is -15 - -3?
-12
In base 7, what is 144 + 0?
144
In base 15, what is 88 - -9?
92
In base 5, what is -122 - 43?
-220
In base 9, what is 4 + 1546?
1551
In base 7, what is 5 - -4430?
4435
In base 16, what is -1c - -3cf?
3b3
In base 10, what is 6 + -863?
-857
In base 10, what is 4974 - -3?
4977
In base 9, what is -287 - -4?
-283
In base 8, what is -66535 - -5?
-66530
In base 6, what is -215 + 141?
-34
In base 8, what is -175 + 74?
-101
In base 9, what is -65 - -3?
-62
In base 9, what is -3 + 8?
5
In base 11, what is 92 - 2?
90
In base 10, what is -12 - -24?
12
In base 9, what is 4 + 751?
755
In base 4, what is -20111 + -11?
-20122
In base 5, what is 4 - -44240?
44244
In base 13, what is 1 - -401?
402
In base 10, what is -67 - 3?
-70
In base 5, what is 3444 + -1?
3443
In base 4, what is 2301 - -2130?
11031
In base 10, what is 2 - 239?
-237
In base 5, what is -1 - -1121?
1120
In base 13, what is 7 - -12?
19
In base 15, what is 2 - 946?
-944
In base 5, what is 11320 - 33?
11232
In base 10, what is 4 + 86?
90
In base 16, what is -5 + -9f?
-a4
In base 13, what is 6 - -10b?
114
In base 8, what is -17023 + -5?
-17030
In base 7, what is -55 + 4?
-51
In base 8, what is 6072 - 4?
6066
In base 11, what is -1 + -526?
-527
In base 16, what is f3 + -2?
f1
In base 6, what is -1151 - -2?
-1145
In base 2, what is -11 - 100?
-111
In base 5, what is 0 - 1100?
-1100
In base 2, what is -1000110000 + -1100?
-1000111100
In base 11, what is -51 + -2?
-53
In base 6, what is 21535 - -10?
21545
In base 2, what is 1 - 100100001?
-100100000
In base 8, what is 11 - 3?
6
In base 10, what is 5 + 21?
26
In base 16, what is -b - f?
-1a
In base 12, what is -183 - -1?
-182
In base 16, what is -307 + 4?
-303
In base 8, what is 2 + 155?
157
In base 9, what is 5 + 13?
18
In base 15, what is 10d + -1b?
e2
In base 3, what is 10 + -10120?
-10110
In base 5, what is -13 - -14?
1
In base 2, what is -10010 - 10001?
-100011
In base 15, what is 4 + -117?
-113
In base 13, what is 2 + -2b52?
-2b50
In base 16, what is -2b9 - 3?
-2bc
In base 3, what is -2 + 1222202?
1222200
In base 16, what is 1b - -1?
1c
In base 13, what is b16 + 4?
b1a
In base 2, what is 111 + -11110?
-10111
In base 15, what is 65 + 2?
67
In base 9, what is 1042 + 15?
1057
In base 12, what is 1876 + 0?
1876
In base 6, what is 503 - -5?
512
In base 11, what is -2a + 19?
-11
In base 8, what is 37 - 2?
35
In base 13, what is 0 + 5?
5
In base 2, what is 10001111001 - 101?
10001110100
In base 3, what is 0 - -22220?
22220
In base 4, what is -30 + 12330?
12300
In base 14, what is 29 + -73?
-48
In base 3, what is 11 + 101?
112
In base 9, what is -2483 + 1?
-2482
In base 9, what is 56 - 261?
-204
In base 10, what is 140 - 7?
133
In base 9, what is -8 - 103?
-112
In base 6, what is 2 + 3?
5
In base 9, what is 346 + 0?
346
In base 16, what is -4 - 13c?
-140
In base 6, what is -4121 - -4?
-4113
In base 3, what is -12100 - 110?
-12210
In base 4, what is 11 + -10110?
-10033
In base 4, what is 330 + -131?
133
In base 15, what is 1d - 13?
a
In base 2, what is 1010100 + -101?
1001111
In base 12, what is 3 - -6?
9
In base 2, what is 11010010110110 + -1?
11010010110101
In base 5, what is 32330 - 1?
32324
In base 14, what is 83 + 4d?
d2
In base 10, what is 32 + 43?
75
In base 15, what is -c - 5ae?
-5bb
In base 5, what is 1 - -20?
21
In base 12, what is -3310 - 3?
-3313
In base 11, what is -5 + 3a2?
398
In base 11, what is 114 - 0?
114
In base 8, what is 166 + -11?
155
In base 16, what is 343 + 5?
348
In base 3, what is 2 + -1121?
-1112
In base 3, what is -1100110 - 0?
-1100110
In base 12, what is -1a + 11?
-9
In base 2, what is -110111 - -1000001?
1010
In base 9, what is -1 - -86?
85
In base 16, what is -23c + -30?
-26c
In base 9, what is -15 - 27?
-43
In base 11, what is -3 + 450?
448
In base 10, what is 4 - 130?
-126
In base 2, what is 101 - 10001011?
-10000110
In base 13, what is -7 + -25a?
-264
In base 6, what is -3 + -222?
-225
In base 6, what is 4032 + 1?
4033
In base 11, what is -1a3 - -17?
-187
In base 7, what is -2 + -2463?
-2465
In base 10, what is -958 - 2?
-960
In base 12, what is -3 - -5?
2
In base 12, what is 3 + 19?
20
In base 9, what is -54 + 181?
126
In base 3, what is -10 - -1011?
1001
In base 6, what is 0 - 304?
-304
In base 4, what is -11 + -111130?
-111201
In base 11, what is -a1 + -3?
-a4
In base 6, what is 11 - 12440?
-12425
In base 13, what is 5 - -c?
14
In base 8, what is 211 + 2?
213
In base 11, what is -5 + -51?
-56
In base 9, what is -60 - 467?
-537
In base 11, what is 25a - -56?
305
In base 15, what is be - -a?
c9
In base 16, what is 1da + 5?
1df
In base 11, what is -7a0 + 10?
-790
In ba